of 3828608608?
6
What is the ten millions digit of 2020302450?
2
What is the ten thousands digit of 640979838?
7
What is the hundred thousands digit of 71980553?
9
What is the units digit of 157771588?
8
What is the ten thousands digit of 842804140?
0
What is the ten millions digit of 82546201?
8
What is the thousands digit of 131526259?
6
What is the ten thousands digit of 27110569?
1
What is the ten thousands digit of 15245530?
4
What is the ten millions digit of 1772275520?
7
What is the thousands digit of 264907652?
7
What is the hundreds digit of 31045769?
7
What is the thousands digit of 4351596829?
6
What is the units digit of 23171975?
5
What is the tens digit of 43036232?
3
What is the hundreds digit of 79981026?
0
What is the ten thousands digit of 232342024?
4
What is the hundreds digit of 473416642?
6
What is the ten millions digit of 77274350?
7
What is the ten thousands digit of 171646470?
4
What is the millions digit of 1961727891?
1
What is the ten thousands digit of 1838831314?
3
What is the ten millions digit of 456920463?
5
What is the units digit of 774442853?
3
What is the tens digit of 10404325?
2
What is the units digit of 280977150?
0
What is the hundred millions digit of 1453003558?
4
What is the hundred millions digit of 1212054201?
2
What is the hundreds digit of 3681930918?
9
What is the millions digit of 77916621?
7
What is the millions digit of 238147195?
8
What is the ten millions digit of 1761459374?
6
What is the units digit of 65299185?
5
What is the hundred millions digit of 1202327573?
2
What is the ten millions digit of 1056756289?
5
What is the units digit of 3802618713?
3
What is the hundred millions digit of 573878180?
5
What is the thousands digit of 460694135?
4
What is the ten millions digit of 195106988?
9
What is the hundred millions digit of 704865960?
7
What is the millions digit of 24660775?
4
What is the ten millions digit of 396145053?
9
What is the ten millions digit of 373843918?
7
What is the hundred millions digit of 274130992?
2
What is the tens digit of 742905265?
6
What is the ten thousands digit of 23385507?
8
What is the hundreds digit of 347013050?
0
What is the millions digit of 2753393672?
3
What is the thousands digit of 2021559172?
9
What is the hundreds digit of 56178608?
6
What is the hundreds digit of 37872922?
9
What is the units digit of 9270884?
4
What is the millions digit of 1438168169?
8
What is the tens digit of 477974062?
6
What is the ten thousands digit of 553359165?
5
What is the tens digit of 1419667394?
9
What is the billions digit of 3832680823?
3
What is the hundred thousands digit of 487589571?
5
What is the thousands digit of 48275983?
5
What is the hundreds digit of 45736862?
8
What is the hundreds digit of 101496147?
1
What is the ten thousands digit of 718004174?
0
What is the hundreds digit of 219260661?
6
What is the millions digit of 4141809442?
1
What is the millions digit of 85018324?
5
What is the millions digit of 82578386?
2
What is the tens digit of 145814646?
4
What is the ten millions digit of 826098703?
2
What is the hundred thousands digit of 35346460?
3
What is the hundred thousands digit of 67915947?
9
What is the hundreds digit of 409171036?
0
What is the units digit of 1917876537?
7
What is the ten millions digit of 1909164038?
0
What is the hundred millions digit of 287440830?
2
What is the units digit of 5711822?
2
What is the tens digit of 1556534849?
4
What is the thousands digit of 146989231?
9
What is the units digit of 16461985?
5
What is the thousands digit of 937421?
7
What is the hundred thousands digit of 18782826?
7
What is the ten millions digit of 356629530?
5
What is the ten millions digit of 1275243917?
7
What is the billions digit of 7122463945?
7
What is the tens digit of 244605395?
9
What is the tens digit of 403983243?
4
What is the units digit of 115356524?
4
What is the tens digit of 359473396?
9
What is the millions digit of 375631167?
5
What is the hundreds digit of 140632158?
1
What is the hundred thousands digit of 354759594?
7
What is the thousands digit of 110917809?
7
What is the millions digit of 12940547?
2
What is the ten thousands digit of 2463046311?
4
What is the ten thousands digit of 43393171?
9
What is the hundreds digit of 1107659338?
3
What is the hundred millions digit of 979186953?
9
What is the units digit of 1827017033?
3
What is the units digit of 4754514042?
2
What is the hundred thousands digit of 47217008?
2
What is the hundred thousands digit of 2077618467?
6
What is the ten millions digit of 137188783?
3
What is the millions digit of 828397075?
8
What is the billions digit of 3303864085?
3
What is the ten millions digit of 743990714?
4
What is the units digit of 30003479?
9
What is the hundred thousands digit of 4266474328?
4
What is the billions digit of 6535748038?
6
What is the units digit of 120270771?
1
What is the units digit of 383420531?
1
What is the thousands digit of 1233550477?
0
What is the hundreds digit of 9981320?
3
What is the hundred thousands digit of 131272590?
2
What is the ten thousands digit of 117127074?
2
What is the millions digit of 34728990?
4
What is the units digit of 15918739?
9
What is the tens digit of 43526921?
2
What is the ten millions digit of 268596617?
6
What is the hundred millions digit of 263642879?
2
What is the thousands digit of 4536148704?
8
What is the hundred thousands digit of 102963172?
9
What is the hundreds digit of 837290947?
9
What is the ten millions digit of 2218518851?
1
What is the millions digit of 888095600?
8
What is the tens digit of 99109983?
8
What is the ten millions digit of 105084648?
0
What is the units digit of 7260285559?
9
What is the ten thousands digit of 21705643?
0
What is the millions digit of 6621120?
6
What is the thousands digit of 83385932?
5
What is the hundred millions digit of 2955074342?
9
What is the units digit of 37799133?
3
What is the ten millions digit of 334266548?
3
What is the hundred thousands digit of 133298489?
2
What is the millions digit of 824013336?
4
What is the thousands digit of 68741023?
1
What is the ten thousands digit of 58848143?
4
What is the tens digit of 566608515?
1
What is the ten thousands digit of 516783795?
8
What is the ten thousands digit of 1781171184?
7
What is the millions digit of 14745924?
4
What is the tens digit of 401274723?
2
What is the thousands digit of 67717985?
7
What is the hundreds digit of 3576817303?
3
What is the units digit of 110662570?
0
What is the thousands digit of 2136325561?
5
What is the ten thousands digit of 2605574?
0
What is the ten millions digit of 293633751?
9
What is the hundred thousands digit of 473677861?
6
What is the millions digit of 1179464559?
9
What is the millions digit of 41669904?
1
What is the hundred thousands digit of 122127744?
1
What is the ten thousands digit of 39009354?
0
What is the tens digit of 202769216?
1
What is the hundred thousands digit of 3495144?
4
What is the thousands digit of 111634550?
4
What is the tens digit of 283450164?
6
What is the millions digit of 53802303?
3
What is the tens digit of 591781718?
1
What is the units digit of 161310530?
0
What is the tens digit of 58614675?
7
What is the thousands digit of 159339390?
9
What is the ten thousands digit of 23456953?
5
What is the hundred thousands digit of 45163118?
1
What is the ten millions digit of 55118006?
5
What is the thousands digit of 12395745?
5
What is the millions digit of 24732851?
4
What is the tens digit of 10619896?
9
What is the millions digit of 65205626?
5
What is the ten millions digit of 434845469?
3
What is the ten millions digit of 288465199?
8
What is the hundred thousands digit of 291960607?
9
What is the hundred thousands digit of 50253078?
2
What is the ten thousands digit of 13714120?
1
What is the tens digit of 4076804776?
7
What is the hundred thousands digit of 466383642?
3
What is the ten thousands digit of 44084792?
8
What is the hundreds digit of 596972541?
5
What is the ten thousands digit of 63308185?
0
What is the ten millions digit of 124681060?
2
What is the ten millions digit of 2560397274?
6
What is the tens digit of 341319857?
5
What is the millions digit of 23766113?
3
What is the units digit of 232347203?
